- 161, 2*j = -5*s + 139. Let m = j + 130. What is the highest common factor of m and o?
17
Let i be 15*6/((-18)/(-5)). Calculate the highest common divisor of 175 and i.
25
Suppose 108 = 4*n - 0*n. Let p = -19 + n. Suppose 36 = -u + 92. Calculate the highest common factor of p and u.
8
Suppose 5*i + 20 = 0, 2*r + 0*i = 3*i + 16. Let s(f) = f**2 + 2*f - 4 + 0*f**2 + f**r. Let k be s(-3). Calculate the greatest common factor of k and 2.
2
Let i be 20/(-8)*(-6)/5. Suppose w + 16 = 4*a, -3*w + 4*w + 11 = i*a. Let s(r) = 6*r**2 - 4*r + 1. Let d be s(w). What is the highest common divisor of 9 and d?
9
Suppose 3*r + 2*y + 17 = 0, 5*r + 24 = -5*y - 1. Suppose 5*l + 3 = 4*u - 2*u, 4*l = 4*u. Let x = u - r. What is the greatest common factor of 4 and x?
2
Let s(h) be the first derivative of h**3/3 + 3*h**2/2 + 5*h + 2. Let l be s(5). What is the greatest common factor of 30 and l?
15
Suppose v = 1 + 5. What is the highest common factor of v and 4?
2
Let i(n) = n**3 - 4*n**2 + 2*n - 5. Let d be i(5). Suppose -2*g + 75 = -g. Calculate the highest common divisor of d and g.
15
Suppose 4*a - 3*w = 21, -2*a + 5*w = a - 24. Suppose 5*m - n = 316, -m = 2*m + a*n - 204. Calculate the greatest common divisor of m and 16.
16
Let s = 645 - 373. Calculate the greatest common divisor of 34 and s.
34
Suppose s - 2*s = 4, -2*n - 3*s + 312 = 0. Calculate the greatest common factor of n and 18.
18
Let k = 112 + -57. What is the greatest common divisor of k and 22?
11
Let f(o) = -o**2 + 6*o + 5. Let t be f(6). Calculate the greatest common divisor of 5 and t.
5
Let f be 24/3 + (0 - -1). Let h(q) = -q**3 - 7*q**2 + 13*q + 9. Let x be h(-9). Suppose 0*u - x = -2*u. What is the highest common factor of u and f?
9
Let g be 4 - 4/(-2 - 0). Let z be (-28 + -2)*g/(-15). What is the greatest common divisor of 12 and z?
12
Suppose 20*r = 25*r - 880. Calculate the greatest common factor of 22 and r.
22
Let n = 99 - 96. Let f(w) = -8*w - 7. Let k be f(-5). Calculate the greatest common divisor of n and k.
3
Suppose m + 6 = 3*y - 4*m, 4*y = m + 8. Suppose -204 = -4*c - 4*j, -y*c - j = -4*c + 99. Suppose v - 10 = -v. Calculate the highest common divisor of c and v.
5
Suppose -76 = -9*i + 5. What is the highest common divisor of i and 1?
1
Suppose 5*l = 168 + 627. Suppose -147 - l = -3*u. Let s be u/14 - 2/7. What is the highest common factor of 77 and s?
7
Let t be (0 + 0)/(1 - 2). Suppose -3*v + 79 - 28 = t. What is the greatest common divisor of 68 and v?
17
Suppose 5*c + 2905 + 585 = 0. Let b be 2/9 - c/18. Let m = -3 + 16. What is the greatest common factor of m and b?
13
Let n = 5 - 1. Let i = 2 - n. Let a be (i/4)/((-1)/14). What is the greatest common factor of a and 1?
1
Suppose -2*p = 2*p + 3*n, 4*n + 16 = 0. Suppose v + 2*j = 1, j + 3 = p*v - 0*j. Calculate the greatest common divisor of 4 and v.
1
Let d be (-1 - -5)/((-6)/(-9)). What is the greatest common divisor of 54 and d?
6
Suppose 0 = -3*v + 9*v - 204. What is the highest common divisor of 238 and v?
34
Let x = -14 - -53. Let g = x + -18. Suppose 2*s + 68 = 74. What is the greatest common factor of g and s?
3
Let i(y) = -11*y - 6. Let x be i(-4). Let k be (2/(-4))/((-9)/8550). Suppose 0*m = -5*m + k. What is the highest common factor of m and x?
19
Let f(t) = -14*t - 4. Let s be f(-14). What is the highest common divisor of 24 and s?
24
Let d = 20 - 36. Let u = 601 - -41. Let n be 4/d + u/8. Calculate the highest common factor of n and 10.
10
Let f(c) = c + 7. Let u be f(6). Calculate the highest common divisor of 13 and u.
13
Suppose -h + 28 = h. What is the greatest common factor of h and 2?
2
Let u = 8 + -3. Suppose -2*w = -u*w - 18. Let l(h) = -7*h + 6. Let s be l(w). Calculate the highest common divisor of s and 8.
8
Let h = 9 - 1. Suppose 3*x + 385 + 317 = 0. Let f = -162 - x. What is the greatest common factor of h and f?
8
Let v = 32 - 22. Let h = -8 + v. Suppose -h*p = 4*j - 18 - 2, -58 = -3*p + j. Calculate the greatest common factor of p and 6.
6
Let a = -6 + 23. Calculate the greatest common factor of a and 119.
17
Let q = 115 + -62. Let i = -3 + q. Calculate the highest common factor of 10 and i.
10
Let w = -4 - -4. Suppose w = 4*m - 4*r - 160, 0 = -r - 3*r + 8. Let h = 92 - m. Calculate the greatest common factor of h and 10.
10
Let z(h) = -h**2 - 7*h - 6. Let w be z(-5). Let o = -1 + w. Suppose 5*m + 2*i + i - 54 = 0, -12 = -2*m + 2*i. Calculate the highest common divisor of o and m.
3
Suppose -u = -w - 6*u + 147, -3*u + 801 = 5*w. What is the highest common factor of 18 and w?
18
Let q(w) = w**3 - 17*w**2 - 15*w + 23. Let y be q(18). What is the greatest common factor of y and 7?
7
Let q(r) = -r**2 + 3. Let w be q(0). Let a be (-21)/(-15) + 4/(-10). Let b be 29 + a - 0/4. What is the highest common divisor of w and b?
3
Let t(d) = d**3 + 6*d**2 - 5*d + 9. Let u be t(-7). Let y = 9 + u. What is the highest common factor of 4 and y?
4
Suppose -2*i - 19 = -a, 2*a - 2*i = -0*i + 28. Let p(y) = 8*y + 8. Let w be p(a). What is the highest common divisor of 16 and w?
16
Let d = 38 - -13. Let b = 19 + -2. Calculate the highest common divisor of b and d.
17
Let s = -98 - -215. Calculate the greatest common factor of 13 and s.
13
Let i(n) = 4*n**2 + 6 - 2 - n + n**3 - 6. Let v be i(-2). Calculate the greatest common factor of v and 8.
8
Suppose 3*o = 7*o - 24. Calculate the greatest common factor of o and 54.
6
Suppose -5*o + 180 = 4*x, -4*o + 5 = 3*x - 129. What is the greatest common divisor of 20 and x?
10
Let n = -3 - -9. Let q(z) = 5*z**2 - 18*z + 8. Let m be q(n). What is the greatest common factor of 32 and m?
16
Let a be -6*1/(-2) + 88 + -13. What is the greatest common divisor of a and 117?
39
Suppose 0 = -4*x + 22 + 10. Let a = -12 + 24. Calculate the greatest common divisor of x and a.
4
Suppose 4*z + 3*d + d - 36 = 0, -3*z + 4*d - 8 = 0. Let l be 1 - -20 - 2/2. Calculate the greatest common factor of z and l.
4
Let y(b) = b - 4. Let h be y(5). Let u(t) = 100*t - 1. Let d be u(h). What is the highest common factor of 11 and d?
11
Suppose -w + 3*x - 21 = -4*w, 11 = w - x. Suppose w = v - 99. What is the greatest common factor of 12 and v?
12
Let g be (-1 + -1)/(5/(-35)). Suppose -3*s - g = -s. Let p be (s + -11)/((-1)/13). Calculate the highest common divisor of p and 26.
26
Let h(z) = -2*z + 4. Let w be h(3). Let j = 3 - w. What is the highest common factor of 45 and j?
5
Let n = 35 + -21. What is the greatest common factor of 70 and n?
14
Suppose 6*f - 3*j = f + 114, -5*f - j + 122 = 0. Suppose v - 4 - 2 = 0. What is the greatest common factor of v and f?
6
Let k(w) be the first derivative of -w**3/3 + 9*w**2/2 - 4*w + 2. Let n be k(7). Suppose 0 = -l + 53 + 27. Calculate the greatest common factor of n and l.
10
Suppose -n = -5*u + 3 + 22, -5*n = 4*u - 20. Suppose n = 2*m + m - 168. What is the highest common factor of 7 and m?
7
Suppose 4*f - 2*q = 408, 2*q - 3*q = 3*f - 316. What is the highest common factor of f and 26?
26
Suppose -5*l - 5 = t + 3, -4*l = -2*t + 54. What is the highest common factor of 153 and t?
17
Let a = 38 + -10. Suppose l - 5*z = -6, -l - 7*z = -2*z - 34. What is the highest common factor of a and l?
14
Suppose -3*m + 174 = -3*v - 45, 2*m - 158 = -v. What is the highest common divisor of m and 11?
11
Let f be 4/1 + -2 - -32. Suppose d - v - 63 - f = 0, 0 = -d - 3*v + 105. Suppose 0 = -j - 3*j + 44. Calculate the greatest common divisor of j and d.
11
Let j = 10 + 3. What is the greatest common factor of j and 143?
13
Suppose 0 = a - 2*a + 9. Suppose z + 4*i + 15 = 0, 3*i = 5*z - 3 - 14. What is the greatest common divisor of a and z?
1
Let k(x) = -4*x**3 - 2*x**2 - 4*x - 2. Let g be k(-2). Let p = -11 - -21. What is the greatest common factor of p and g?
10
Suppose -g + 14 = 5*t, 3*g - 5*t - 103 = g. Suppose 0*i = 2*i - 26. Calculate the greatest common factor of g and i.
13
Suppose t + 30 = -2*t. Let m = t + 19. Suppose -4*j - 16 = 4*b, -b - 5*j = -2*b + 26. What is the highest common divisor of m and b?
1
Let q(g) = g**2 - 4*g + 9. Let p be q(7). Calculate the greatest common factor of 10 and p.
10
Let r = 14 - 8. Let b(y) = y**3 + y**2 + 45. Let u be b(0). Let t be 20/(-15)*u/(-2). What is the highest common divisor of t and r?
6
Suppose 8*h = 13*h - 1800. Calculat